
Is 27 a factor of 922896648?
False
Is 436218347 a multiple of 619?
False
Is 12 a factor of 152157096?
True
Is 8 a factor of 1364693225?
False
Does 1806 divide 80800440?
True
Is 13 a factor of 19718902?
False
Does 5 divide 197005399?
False
Is 1686261542 a multiple of 14?
True
Is 298547316 a multiple of 7?
False
Is 20082726 a multiple of 68?
False
Is 135 a factor of 1082346840?
True
Does 20 divide 10384060?
True
Is 18 a factor of 35381936?
False
Is 348769730 a multiple of 10?
True
Is 151796323 a multiple of 1561?
True
Is 108 a factor of 229146206?
False
Is 882 a factor of 97099361?
False
Is 4164146 a multiple of 8?
False
Is 26 a factor of 10173826?
True
Does 41 divide 1195151?
False
Does 872 divide 106182933?
False
Is 439 a factor of 318154275?
True
Does 189 divide 172408369?
False
Is 18688768 a multiple of 896?
True
Does 6 divide 62966751?
False
Does 53 divide 520042413?
True
Is 258 a factor of 607406304?
True
Is 41550170 a multiple of 5?
True
Is 34 a factor of 2320160?
True
Does 2586 divide 1950206719?
False
Is 1316079832 a multiple of 2804?
True
Is 5 a factor of 12952980?
True
Is 62085552 a multiple of 16?
True
Is 18 a factor of 55809898?
False
Is 8195859 a multiple of 399?
True
Does 177 divide 9245758?
False
Does 525 divide 408400650?
True
Is 2507031324 a multiple of 84?
True
Is 1762 a factor of 40166279?
False
Is 29 a factor of 309154597?
False
Is 172539969 a multiple of 917?
True
Does 2406 divide 93857241?
False
Is 74682106 a multiple of 3221?
True
Is 404 a factor of 1454118412?
True
Is 296881061 a multiple of 141?
False
Is 99 a factor of 902754965?
False
Does 1578 divide 2452348945?
False
Is 2 a factor of 14715266?
True
Is 1415573 a multiple of 3?
False
Does 15 divide 3546750?
True
Is 22428267 a multiple of 7?
False
Does 11 divide 230762851?
True
Is 5059 a factor of 47873317?
True
Is 650819331 a multiple of 363?
False
Is 293428888 a multiple of 248?
True
Does 561 divide 137919922?
False
Does 13 divide 31169383?
False
Is 365271375 a multiple of 1298?
False
Is 250922172 a multiple of 7?
False
Is 1107994 a multiple of 416?
False
Is 15 a factor of 77544975?
True
Is 2 a factor of 970879?
False
Does 983 divide 2755088505?
True
Is 348325443 a multiple of 676?
False
Is 644938260 a multiple of 60?
True
Is 107 a factor of 5167351?
True
Does 3763 divide 116668052?
True
Is 6 a factor of 16246457?
False
Is 567 a factor of 9477405?
True
Is 3 a factor of 122678545?
False
Does 561 divide 301176216?
True
Is 20 a factor of 16881960?
True
Does 1750 divide 22677671?
False
Is 209491200 a multiple of 32?
True
Is 15367517 a multiple of 39?
False
Does 18 divide 42058426?
False
Is 1101 a factor of 693886086?
False
Does 39 divide 23998079?
False
Is 13403075 a multiple of 175?
True
Does 18 divide 749147310?
True
Is 60295979 a multiple of 100?
False
Is 2913576564 a multiple of 2695?
False
Is 333 a factor of 6516319158?
True
Is 10508553 a multiple of 593?
True
Does 19 divide 1624054982?
True
Does 16 divide 152923232?
True
Is 604856395 a multiple of 47?
True
Is 9 a factor of 19916829?
True
Is 582 a factor of 3430308?
True
Is 457545040 a multiple of 6?
False
Is 2507 a factor of 5186210844?
True
Is 776598 a multiple of 2?
True
Is 1071695157 a multiple of 776?
False
Does 16 divide 2075991520?
True
Is 1570568733 a multiple of 1763?
False
Does 19 divide 184166548?
False
Is 4 a factor of 1595854756?
True
Is 344875860 a multiple of 105?
True
Is 33672429 a multiple of 338?
False
Is 18166026 a multiple of 669?
True
Is 429 a factor of 196323270?
True
Is 56820007 a multiple of 185?
False
Is 4822 a factor of 411933816?
True
Does 18 divide 1731445848?
True
Is 130640180 a multiple of 10?
True
Does 274 divide 430502528?
False
Does 57 divide 1379229171?
True
Is 2253147 a multiple of 9?
False
Does 437 divide 202534642?
True
Is 520 a factor of 14412320?
True
Is 2543398470 a multiple of 537?
True
Is 241721040 a multiple of 1045?
True
Is 58541238 a multiple of 6?
True
Is 379 a factor of 167931755?
False
Is 484 a factor of 685952594?
False
Is 495901977 a multiple of 72?
False
Is 121 a factor of 343302047?
True
Is 892861593 a multiple of 3?
True
Is 340378774 a multiple of 50?
False
Is 2420 a factor of 126227200?
True
Does 30 divide 19369968?
False
Is 40 a factor of 216594078?
False
Is 769757190 a multiple of 645?
True
Is 8611358 a multiple of 10?
False
Is 58133736 a multiple of 3?
True
Is 1175180166 a multiple of 40?
False
Is 126 a factor of 121715748?
True
Is 17643346 a multiple of 121?
False
Is 13 a factor of 721834?
False
Does 78 divide 1623607256?
False
Is 35074423 a multiple of 88?
False
Is 182188779 a multiple of 4913?
True
Is 6 a factor of 12042685?
False
Is 446 a factor of 377596343?
False
Does 160 divide 892677920?
True
Does 2028 divide 1134019044?
False
Is 30 a factor of 822141461?
False
Does 460 divide 719591340?
True
Is 4820370048 a multiple of 11232?
True
Is 515075 a multiple of 9?
False
Is 1067240202 a multiple of 14?
True
Is 296165536 a multiple of 32?
True
Is 3388 a factor of 119711056?
False
Is 11242920 a multiple of 2?
True
Is 72 a factor of 143884440?
True
Is 9587551 a multiple of 86?
False
Is 9 a factor of 13181187?
False
Is 7 a factor of 1986242601?
True
Is 10668 a factor of 793592520?
True
Is 19347662 a multiple of 23?
False
Is 55 a factor of 415924740?
True
Is 735054141 a multiple of 573?
True
Does 1771 divide 2028618148?
False
Is 307 a factor of 1224866144?
True
Is 6118 a factor of 3169815334?
True
Does 17 divide 93967334?
False
Is 97511148 a multiple of 28?
True
Is 10028868 a multiple of 162?
False
Is 93 a factor of 1135664664?
True
Is 1940 a factor of 262305460?
True
Is 205357523 a multiple of 6?
False
Is 12 a factor of 990154214?
False
Does 682 divide 43280402?
True
Is 20433130 a multiple of 40?
False
Is 12 a factor of 371377283?
False
Is 61 a factor of 107129510?
False
Is 29926284 a multiple of 48?
False
Does 16 divide 453036320?
True
Does 5 divide 61995453?
False
Is 757570710 a multiple of 327?
True
Does 5454 divide 364801698?
True
Is 10 a factor of 38570480?
True
Is 471224538 a multiple of 2726?
True
Is 72 a factor of 264627980?
False
Is 893878943 a multiple of 61?
False
Does 1396 divide 407363755?
False
Does 21 divide 189629391?
True
Is 359 a factor of 169950241?
True
Does 87 divide 3268503?
True
Is 3213360114 a multiple of 767?
False
Is 141142190 a multiple of 395?
True
Does 9 divide 1670358609?
True
Does 5 divide 12981265?
True
Is 651 a factor of 208485809?
False
Is 352 a factor of 814508189?
False
Is 873 a factor of 342638532?
True
Does 23 divide 119599663?
False
Does 18 divide 735588?
True
Is 1026573173 a multiple of 43?
False
Is 1283357 a multiple of 624?
False
Does 17 divide 32798712?
True
Is 10 a factor of 316494350?
True
Is 4428 a factor of 103947687?
False
Does 23 divide 2173475114?
True
Does 69 divide 538612758?
True
Does 24 divide 26778336?
True
Is 1229678384 a multiple of 5482?
True
Is 46 a factor of 5995022343?
False
Does 4 divide 493646397?
False
Does 429 divide 2088492410?
False
Does 16 divide 349021088?
True
Is 1406 a factor of 104706187?
False
Does 413 divide 7957684?
True
Is 256 a factor of 924775717?
False
Is 148246032 a multiple of 44?
True
Does 119 divide 597136414?
False
Is 994 a factor of 1707953052?
False
Is 865 a factor of 25367814?
False
Is 195 a factor of 31238805?
True
Is 45355749 a multiple of 149?
True
Is 83 a factor of 995884287?
False
Is 442 a factor of 44580562?
True
Does 2 divide 235158?
True
Is 17 a factor of 125089603?
False
Does 4 divide 87532959?
False
Is 6 a factor of 2083992?
True
Is 339 a factor of 5794866?
True
Does 3065 divide 489900405?
True
Is 116 a factor of 103760429?
False
Is 7102 a factor of 4870466376?
True
Is 55921543 a multiple of 1044?
False
Is 59 a factor of 9667268?
True
Does 66 divide 640611218?
False
Does 57 divide 49602810?
False
Does 19 divide 168953151?
False
Does 308 divide 175853216?
True
Is 8080 a factor of 1237944880?
True
Is 475 a factor of 1634000601?
False
Is 11204017 a multiple of 205?
False
Does 385 divide 540896300?
False
Is 999719396 a multiple of 13?
True
Does 864 divide 1544752104?
False
Is 1168663578 a multiple of 5400?
False
Is 272 a factor of 697406127?
False
Is 527384663 a multiple of 6952?
False
Is 11 a factor of 30480497?
False
Is 14104806 a multiple of 6?
True
Is 1113553221 